is 1140 (base 5) in base 16?
aa
What is -24 (base 8) in base 15?
-15
-63 (base 7) to base 15
-30
What is -100 (base 2) in base 9?
-4
-10 (base 4) to base 5
-4
-12220 (base 3) to base 6
-423
Convert -31 (base 15) to base 14.
-34
3 (base 4) to base 16
3
What is 2 (base 5) in base 14?
2
1e (base 15) to base 11
27
What is 2120 (base 3) in base 8?
105
Convert -1001101 (base 2) to base 8.
-115
What is 101 (base 4) in base 14?
13
What is -1101 (base 2) in base 13?
-10
100 (base 2) to base 5
4
-126 (base 7) to base 10
-69
Convert -10100101 (base 2) to base 12.
-119
Convert -443 (base 5) to base 10.
-123
Convert 4 (base 15) to base 12.
4
4a (base 16) to base 9
82
Convert -30 (base 13) to base 6.
-103
What is -8 (base 12) in base 8?
-10
What is 1 (base 7) in base 16?
1
Convert -1 (base 9) to base 8.
-1
-17 (base 12) to base 3
-201
What is 6 (base 15) in base 16?
6
-41 (base 7) to base 9
-32
Convert -1001000 (base 2) to base 3.
-2200
251 (base 12) to base 6
1341
Convert 1 (base 4) to base 7.
1
What is 2222 (base 3) in base 14?
5a
Convert 30 (base 4) to base 12.
10
Convert 7 (base 14) to base 2.
111
What is 22 (base 7) in base 5?
31
What is 57 (base 11) in base 7?
116
Convert 17 (base 11) to base 16.
12
-52 (base 13) to base 3
-2111
-11101 (base 2) to base 4
-131
What is 13 (base 4) in base 3?
21
-25 (base 6) to base 3
-122
Convert 0 (base 11) to base 15.
0
What is 40 (base 11) in base 10?
44
6 (base 13) to base 15
6
-237 (base 8) to base 6
-423
Convert -7b (base 14) to base 5.
-414
Convert -10011 (base 2) to base 12.
-17
Convert -14 (base 16) to base 4.
-110
-4 (base 10) to base 12
-4
What is 2 (base 7) in base 6?
2
Convert 0 (base 2) to base 7.
0
20 (base 7) to base 11
13
-2 (base 8) to base 13
-2
What is 447 (base 8) in base 4?
10213
-221 (base 7) to base 12
-95
-251 (base 6) to base 4
-1213
2 (base 8) to base 11
2
Convert -1 (base 6) to base 16.
-1
What is 445 (base 7) in base 8?
345
What is 13 (base 9) in base 4?
30
What is -1a (base 16) in base 11?
-24
What is -11 (base 3) in base 11?
-4
What is 1 (base 9) in base 6?
1
Convert -4 (base 12) to base 6.
-4
What is -12 (base 10) in base 6?
-20
10 (base 2) to base 9
2
What is 40 (base 5) in base 15?
15
-2 (base 3) to base 13
-2
What is -1100 (base 2) in base 10?
-12
Convert -3 (base 8) to base 5.
-3
Convert 19 (base 10) to base 12.
17
What is 124 (base 8) in base 11?
77
324 (base 8) to base 6
552
-4 (base 9) to base 15
-4
What is -18 (base 10) in base 8?
-22
What is -3 (base 16) in base 11?
-3
Convert -110 (base 3) to base 16.
-c
111 (base 4) to base 15
16
-41 (base 12) to base 5
-144
-107 (base 8) to base 13
-56
Convert 2 (base 13) to base 4.
2
What is -152 (base 11) in base 13?
-109
Convert -1010101 (base 2) to base 10.
-85
8 (base 16) to base 10
8
Convert -15 (base 9) to base 8.
-16
What is 3 (base 5) in base 9?
3
-3 (base 6) to base 11
-3
What is 4 (base 11) in base 7?
4
-18 (base 15) to base 11
-21
What is -11 (base 6) in base 5?
-12
-48 (base 13) to base 14
-44
Convert -20 (base 13) to base 5.
-101
Convert -3 (base 13) to base 3.
-10
Convert -6 (base 13) to base 16.
-6
-110 (base 2) to base 8
-6
-1 (base 3) to base 6
-1
What is -50 (base 13) in base 10?
-65
-16 (base 13) to base 15
-14
Convert -52 (base 13) to base 16.
-43
What is -10 (base 6) in base 9?
-6
What is -132 (base 4) in base 14?
-22
Convert 134 (base 10) to base 7.
251
Convert 43 (base 7) to base 8.
37
Convert 415 (base 8) to base 6.
1125
2122 (base 3) to base 7
131
What is -27 (base 10) in base 7?
-36
What is -1 (base 11) in base 7?
-1
What is -3 (base 9) in base 3?
-10
144 (base 14) to base 6
1104
Convert 2120 (base 3) to base 14.
4d
-2020 (base 4) to base 12
-b4
Convert -10 (base 2) to base 7.
-2
24 (base 5) to base 7
20
Convert 1 (base 14) to base 7.
1
11 (base 12) to base 15
d
Convert -1c (base 13) to base 6.
-41
-2 (base 8) to base 3
-2
Convert 20 (base 9) to base 14.
14
-15 (base 16) to base 5
-41
What is -52 (base 10) in base 7?
-103
e (base 16) to base 15
e
What is -4 (base 14) in base 5?
-4
-a5 (base 13) to base 10
-135
Convert bb (base 12) to base 9.
168
Convert 1 (base 7) to base 10.
1
What is 4 (base 5) in base 10?
4
What is 4 (base 14) in base 7?
4
8 (base 12) to base 7
11
What is -3 (base 13) in base 3?
-10
What is 20 (base 11) in base 5?
42
What is -4 (base 15) in base 16?
-4
Convert -12 (base 7) to base 13.
-9
What is 29 (base 15) in base 2?
100111
-56 (base 11) to base 8
-75
-3a (base 12) to base 11
-42
Convert 200 (base 5) to base 13.
3b
1100010 (base 2) to base 15
68
-11 (base 11) to base 2
-1100
-223 (base 5) to base 11
-58
3 (base 16) to base 3
10
-420 (base 6) to base 13
-c0
What is 26 (base 12) in base 7?
42
Convert -8 (base 13) to base 3.
-22
Convert -212 (base 3) to base 4.
-113
Convert 50 (base 15) to base 6.
203
1013 (base 4) to base 12
5b
43 (base 15) to base 8
77
Convert 5 (base 8) to base 5.
10
What is 40 (base 6) in base 4?
120
What is 0 (base 8) in base 16?
0
-21 (base 12) to base 9
-27
What is 11 (base 2) in base 10?
3
13 (base 10) to base 9
14
What is 222 (base 3) in base 11?
24
24 (base 10) to base 5
44
What is 1122 (base 3) in base 14?
32
What is 1 (base 10) in base 13?
1
-145 (base 8) to base 15
-6b
What is 10001 (base 2) in base 14?
13
Convert 5 (base 15) to base 6.
5
What is 12 (base 12) in base 5?
24
Convert 4 (base 10) to base 13.
4
What is -1000111 (base 2) in base 10?
-71
What is -3a (base 16) in base 13?
-46
What is 49 (base 10) in base 9?
54
Convert 10 (base 13) to base 11.
12
What is -2 (base 7) in base 10?
-2
-6 (base 8) to base 6
-10
-16 (base 13) to base 16
-13
Convert -12 (base 13) to base 16.
-f
Convert -207 (base 9) to base 10.
-169
Convert -3d (base 14) to base 12.
-47
1314 (base 5) to base 7
416
What is -3 (base 12) in base 2?
-11
-3 (base 10) to base 11
-3
-3 (base 7) to base 16
-3
Convert 21 (base 3) to base 11.
7
Convert 106 (base 14) to base 8.
312
-1 (base 8) to base 4
-1
Convert -72 (base 8) to base 2.
-111010
What is 110200 (base 3) in base 2?
101010110
Convert 110 (base 8) to base 13.
57
Convert 4 (base 12) to base 7.
4
What is 11 (base 9) in base 10?
10
What is -6 (base 11) in base 9?
-6
131 (base 9) to base 12
91
Convert -3 (base 8) to base 13.
-3
What is -7 (base 13) in base 11?
-7
What is -120 (base 4) in base 8?
-30
Convert -12 (base 6) to base 2.
-1000
Convert -6 (base 7) to base 6.
-10
Convert 5 (base 15) to base 11.
5
Convert 2 (base 15) to base 3.
2
Convert 7 (base 12) to base 6.
11
-1111100 (base 2) to base 7
-235
-1201 (base 5) to base 6
-452
What is 50 (base 11) in base 12?
47
What is 0 (base 8) in base 12?
0
What is -6b (base 14) in base 11?
-87
1101 (base 2) to base 13
10
Convert 1 (base 8) to base 12.
1
-12 (base 15) to base 7
-23
What is 22022 (base 3) in base 2?
11100000
84 (base 10) to base 2
1010100
Convert -54 (base 11) to base 4.
-323
Convert 35 (base 15) to base 3.
1212
What is -6 (base 16) in base 12?
-6
Convert 234 (base 5) to base 14.
4d
What is -115 (base 13) in base 3?
-20221
What is 2 (base 12) in base 13?
2
Convert -2 (base 13) to base 4.
-2
What is 12 (base 9) in base 7?
14
-10 (base 7) to base 4
-13
What is -1a (base 16) in base 7?
-35
What is 11 (base 4) in base 11?
5
Convert 56 (base 10) to base 14.
40
Convert -1 (base 15) to base 7.
-1
-1 (base 8) to base 9
-1
-3 (base 9) to base 14
-3
What is -12 (base 7) in base 14?
-9
Convert -17 (base 16) to base 12.
-1b
Convert -2a (base 14) to base 9.
-42
-2 (base 15) to base 6
-2
Convert 3c (base 14) to base 5.
204
What is 2 (base 12) in base 5?
2
-6 (base 12) to base 6
-10
What is -4 (base 16) in base 3?
-11
What is 59 (base 16) in base 10?
89
What is -16 (base 13) in base 2?
-10011
3 (base 7) to base 15
3
What is 0 (base 13) in base 7?
0
What is 2 (base 3) in base 16?
2
Convert -100012 (base 3) to base 2.
-11111000
What is 101111 (base 2) in base 10?
47
7 (base 8) to base 15
7
Convert -4 (base 5) to base 9.
-4
Convert 36 (base 10) to base 16.
24
What is -2 (base 3) in base 15?
-2
What is 4 (base 14) in base 15?
4
Convert -15 (base 10) to base 15.
-10
What is 11 (base 4) in base 3?
12
Convert -2 (base 8) to base 2.
-10
45 (base 16) to base 5
234
-41 (base 7) to base 15
-1e
-26 (base 8) to base 5
-42
What is 14 (base 6) in base 13?
a
What is 125 (base 7) in base 12?
58
What is -4 (base 10) in bas